e 0 = 5*z - 75 - g. What is the units digit of z?
8
Suppose 24830 = 28*b - 2*b. What is the units digit of b?
5
Suppose 1 = -2*d - 65. Let w = d - -85. What is the units digit of w?
2
Let j = 342 + -610. Let i = -88 - j. What is the tens digit of i?
8
Suppose 36*r - 53670 = 21*r. What is the tens digit of r?
7
Let l be (45/(-36))/(2/(-32)). Let o = -12 + l. What is the units digit of o?
8
Let l(a) = -7*a + 18. Let f(q) = 8*q - 18. Let t be 2/(-10) - (-112)/(-40). Let g(h) = t*f(h) - 4*l(h). What is the units digit of g(13)?
4
Suppose k + j - 195 = 0, 3*k + j = 132 + 447. What is the hundreds digit of k?
1
Let f be 3/15*0 + 334. What is the units digit of f/5 - 1/(-5)?
7
Suppose 5*u + 24 = -1. Let l = 23 + u. Suppose 2*q + l = v, -2*v - 3*q = -6*v + 77. What is the tens digit of v?
2
Let s be 262/5 + ((-12)/(-5))/(-6). What is the units digit of (-3)/(((-20)/s)/5)?
9
Let r be 2/10 + 13/(-65). Suppose 48 = 3*i - 5*b, r = 2*i - 4*b - 44 + 14. What is the tens digit of i?
2
Suppose 3*u - 4*u + 7 = -5*d, 4*d = -5*u + 35. Suppose -200 = -3*a + f, -u*f = 2*a - 2*f - 122. What is the units digit of a?
6
Let p be (-2)/(-16) - 128821/(-88). Suppose -k - p = -7*k. What is the hundreds digit of k?
2
Let q(n) be the first derivative of -n**2 - n + 3. Let d be q(3). Let g(k) = k**3 + 7*k**2 - k + 10. What is the tens digit of g(d)?
1
Let f = 1 + 2. Suppose -1 = f*u - 10, l + 4*u = 98. What is the tens digit of l?
8
Let t(a) = 11*a**2 + 6*a - 51. What is the units digit of t(5)?
4
Suppose 3 = -3*z + 24. Suppose 0 = -z*j + 5*j. Suppose j = -0*t - 3*t + 45. What is the units digit of t?
5
Suppose w + 2*a - 7 = 0, 0*w - 5*a = 3*w - 21. Let p = w - 7. Suppose p = 5*u - 13 - 7. What is the units digit of u?
4
Let i(r) = 58*r**3 - r**2 - r + 2. Let n be i(1). Suppose -2*v + 38 + n = 0. What is the tens digit of v?
4
Let t(q) = -8*q + 8. Let a be t(-5). Suppose 108 + a = 3*g. Suppose -5*p + g = -18. What is the tens digit of p?
1
Let r = -5 + -15. Let h = 168 + r. What is the hundreds digit of h?
1
What is the thousands digit of (8 + -1 - (-1 - -10)) + 4633?
4
Let i(v) = -v**2 + v. Let u(t) = t**2 + 7*t + 3. Let r(h) = -5*i(h) + u(h). Let s be r(-2). What is the units digit of s/6 - (-6)/36?
4
Let u = -31 + 48. Let r = u - 15. Suppose -r*f + 0*f + 76 = 4*w, -2*w + 42 = -f. What is the tens digit of w?
2
Let s = 994 - -1792. What is the units digit of s?
6
Suppose 4*f + 5*d - 40 = 0, -3*f + 24 - 5 = d. Suppose -f*o + 123 = -37. What is the tens digit of o?
3
Suppose 7*o = 755 + 2815. What is the hundreds digit of o?
5
Let n(x) = -3*x**2 + 8*x + 2. Let l be n(3). What is the tens digit of ((-2)/(-6))/(l + (-1816)/(-1812))?
5
Let k = 441 - -129. What is the tens digit of k?
7
Let u = -139 + 134. What is the hundreds digit of (u + 3)*1*-100?
2
Suppose -3*u = 58*s - 62*s + 9520, 7157 = 3*s + 2*u. What is the thousands digit of s?
2
Let r(o) = 2*o**2 + 17*o - 24. Let q be r(10). Suppose -2*a = 3*a - 3*l - q, -2*l = -2*a + 136. What is the units digit of a?
1
Let u be 15/2 + 21/(-14). What is the hundreds digit of u*33 - (-3 - (-3)/(-3))?
2
Let h = 34 - 22. Suppose -d + h = -8. What is the tens digit of d?
2
Let t(w) = w**3 + 5*w**2 - w - 5. Let s be t(-5). Let u(d) = d + 11. Let r be u(-7). Suppose s = o - r - 19. What is the tens digit of o?
2
What is the tens digit of (-6)/4*(-1 - 225)?
3
Suppose -3*f - 5 - 2 = -2*j, -3*j = 5*f - 39. Let x(p) = -p**3 + 8*p**2 + 13*p - 20. What is the units digit of x(j)?
4
Suppose -3111 = -p - x, 2*x = p - 5150 + 2030. What is the thousands digit of p?
3
Let p = 60 + -22. Suppose 66 = 2*g - p. What is the units digit of g?
2
Let u(o) = o**3 - 28*o**2 - 28*o - 61. Let y be u(29). Suppose 6*b = 3*b - 72. What is the tens digit of b/y - (-101)/4?
2
Let g = 1158 - 1040. What is the units digit of g?
8
Let b(k) = -k**3 + 8*k**2 - 17*k + 12. Let d be b(6). Let q = d - -28. What is the tens digit of q?
1
Let r(s) = s**2 + 10*s - 22. Let l be r(-19). Let t = l - 83. What is the units digit of t?
6
What is the units digit of ((-8478)/6 - 6)*-1?
9
Let m be (-6)/1*12/(-18). Suppose -a = -3*z - z - 20, -2*z + m = 3*a. What is the tens digit of -10*(-4 - (a + -4))?
4
Suppose 13 - 3 = 2*h. Suppose -j = -7*x + 3*x - h, -2*j + x = 4. Let z(n) = -15*n + 4. What is the tens digit of z(j)?
4
Suppose -4*l - 4 = 0, 3*b - 217 = l + 240. What is the units digit of b?
2
Let v be (-39)/52 + (-11)/(-4). Suppose u + 314 = 2*u + v*p, 0 = -4*u + 3*p + 1289. What is the units digit of u?
0
Let o(j) = j**3 + 6*j**2 - 8*j + 50. What is the units digit of o(12)?
6
Suppose 10*n - 4135 = 1255. What is the hundreds digit of n?
5
Suppose 14 = -0*c + 2*c. Suppose c*u - 10 - 284 = 0. Let s = 14 + u. What is the tens digit of s?
5
Suppose 0 = 5*l - 46 + 51. What is the tens digit of 0 - (-1 + 44*l)?
4
Suppose -24*q + 480 = -16*q. What is the units digit of q?
0
Let x(g) be the second derivative of -g**4/12 - 13*g**3/6 + g**2/2 - 6*g. What is the units digit of x(-12)?
3
Suppose -29*i - 3*m = -27*i - 4860, 4*m - 9716 = -4*i. What is the tens digit of i?
2
Let h(m) be the third derivative of 0*m + 0*m**3 - 7/12*m**4 + 0 - m**2. What is the tens digit of h(-1)?
1
Let o(n) = 13*n**2 - 57*n - 409. What is the units digit of o(-7)?
7
Let j = 550 - 279. Let t = -133 + j. What is the hundreds digit of t?
1
Let t = 30 - 8. Let u = t + 1. Suppose -33 = -h - 2*x + u, 0 = 5*h + 4*x - 256. What is the units digit of h?
8
Let q(z) = 7*z**2 + 10. What is the tens digit of q(-8)?
5
Let z = -170 + 331. Let c = -108 + z. What is the tens digit of c?
5
Let b(x) = x**3 + 13*x**2 + 12*x - 2. What is the tens digit of b(-10)?
7
Let q(t) = -t**2 + 5*t - 4. Let s be q(3). Suppose m + 3*c - 9 = 0, -4*c + 3 = -s*m - 3*c. Suppose -7*u + 8*u - 5 = m. What is the units digit of u?
5
Suppose -12*b + 17*b - 20 = 0. Let y be ((-19)/(-2))/(2/b). Suppose 3*i - 70 = -4*f, -3*f - 64 + y = -i. What is the units digit of i?
0
Let x be 67177/33 - (-4)/3. Suppose 52*v - 45*v - x = 0. What is the hundreds digit of v?
2
Let o(s) = -s**2 - 12*s - 17. Let f be o(-8). Let a = f - 13. What is the units digit of a?
2
Suppose r = -3*p, 3*r + 7 = p - 3. Let d(v) = -v**3 - 3*v**2 + 2*v - 2. Let k be d(r). What is the units digit of k*((-195)/12)/5?
6
Let i be -3*5/3*-1. Suppose v + 5 = 6*v - i*b, 2*v + 4*b = -4. Let u = 19 - v. What is the tens digit of u?
1
What is the hundreds digit of 735 - ((-2)/(-15) - (-186)/(-45))?
7
Suppose 3*q = 4*s + 125 - 1012, -3*q = s - 218. What is the units digit of s?
1
Suppose 0 = 4*q - 2*a + 634, a - 161 = q + 3*a. What is the tens digit of 4*(0 - q/6)?
0
Suppose 4*u - 533 - 725 = -a, -3*a = 3*u - 3738. What is the thousands digit of a?
1
Let x(q) = -104*q - 336. What is the tens digit of x(-21)?
4
Let z be (-4)/(-6) + 24/18. Let t(n) = 4 + 4*n - n**2 + z*n + n + n. What is the tens digit of t(7)?
1
Suppose 4*o - 2*t - 179 = -o, 4*t + 113 = 3*o. Suppose 0*k = 5*k + y - 219, 2*y + o = k. What is the units digit of k?
3
Let u = -26 + 26. Suppose u = -2*w + 4*o + 76, 5*o = 2*o + 12. Suppose 4*q - 6*q = -w. What is the tens digit of q?
2
Let a be -1 - (-21*2)/(-1). Let t = -10 - a. What is the units digit of t?
3
Suppose -4*g + v + 17 = 0, 2*g + 4 = 4*g - 2*v. Suppose g*r - 101 - 729 = 0. What is the hundreds digit of r?
1
Suppose a = -a + 16. Let x(y) = -y + 10. Let z be x(a). Suppose 3*l = -3, -4*l = f - z*l - 38. What is the tens digit of f?
4
Suppose 0 = 2*q - d - 633, -q + 4*d = 3*q - 1276. Suppose -54 + q = 4*j. What is the tens digit of j?
6
Suppose 15*f = 7*f + 4392. Suppose 115*i = 112*i + f. What is the hundreds digit of i?
1
Suppose 0 = 4*a + a - 15. Suppose -4*d + j - 272 = 5*j, -220 = a*d - 5*j. What is the tens digit of (-4 + 3)*1 - d?
6
Suppose 4*w - 11*x = -9*x + 9244, -3*x + 6915 = 3*w. What is the hundreds digit of w?
3
Let s = 1139 + -412. What is the hundreds digit of s?
7
Let r = 299 - -226. What is the hundreds digit of r?
5
Let o = 3898 + -1943. What is the tens digit of o?
5
Let z = -2911 - -4129. What is the tens digit of z?
1
Suppose 4*m + 0*m - 2*l = 16, 2 = l. Suppose -20 = m*c, 0 - 4 = 4*b + 4*c. Suppose 0*k + 4*s = -4*k + 28, -b*s + 26 = 4*k. What is the units digit of k?
5
What is the tens digit of 8369/11 - (-58)/319?
6
Let h = -278 - -412. Suppose -12*g + 